{"id":2,"date":"2021-11-24T12:26:46","date_gmt":"2021-11-24T12:26:46","guid":{"rendered":"http:\/\/www.part-oldalak.hu\/wordpress\/?page_id=2"},"modified":"2022-01-19T13:22:34","modified_gmt":"2022-01-19T12:22:34","slug":"ez-egy-minta-oldal","status":"publish","type":"page","link":"https:\/\/www.part-oldalak.hu\/wordpress\/ez-egy-minta-oldal\/","title":{"rendered":"Kult\u00fara"},"content":{"rendered":"\n<div class=\"wp-block-query is-layout-flow wp-block-query-is-layout-flow\">\n<div class=\"wp-block-group is-layout-flow wp-block-group-is-layout-flow\">\n<div class=\"wp-block-query is-layout-flow wp-block-query-is-layout-flow\"><ul class=\"is-flex-container columns-3 wp-block-post-template is-layout-flow wp-block-post-template-is-layout-flow\"><li class=\"wp-block-post post-12940 post type-post status-publish format-standard has-post-thumbnail hentry category-kultura category-mozaik tag-kultura tag-mozaik tag-program tag-rendezveny\">\n\n<div class=\"wp-block-group is-layout-flow wp-block-group-is-layout-flow\" style=\"padding-top:30px;padding-right:30px;padding-bottom:30px;padding-left:30px\"><h2 class=\"wp-block-post-title\"><a href=\"https:\/\/www.part-oldalak.hu\/wordpress\/2026\/03\/17\/iden-mar-otodik-alkalommal-rendezik-meg-a-parti-fesztivalt\/\" target=\"_self\" >Id\u00e9n m\u00e1r \u00f6t\u00f6dik alkalommal rendezik meg a PARTI Fesztiv\u00e1lt!<\/a><\/h2>\n\n<div class=\"wp-block-post-excerpt\"><p class=\"wp-block-post-excerpt__excerpt\">Ki gondolta volna, hogy amikor 2022-ben el\u0151sz\u00f6r meghirdett\u00e9k az esem\u00e9nyt, a fesztiv\u00e1l akkora sikernek \u00f6rvend majd, hogy hamarosan m\u00e1r az \u00f6t\u00f6dik sz\u00fclet\u00e9snapj\u00e1t \u00fcnnepelheti?<\/p><p class=\"wp-block-post-excerpt__more-text\"><a class=\"wp-block-post-excerpt__more-link\" href=\"https:\/\/www.part-oldalak.hu\/wordpress\/2026\/03\/17\/iden-mar-otodik-alkalommal-rendezik-meg-a-parti-fesztivalt\/\">Olvass tov\u00e1bb<\/a><\/p><\/div>\n\n<div class=\"wp-block-post-date\"><time datetime=\"2026-03-17T21:31:15+01:00\">2026.03.17.<\/time><\/div><\/div>\n\n<\/li><li class=\"wp-block-post post-12827 post type-post status-publish format-standard has-post-thumbnail hentry category-kultura tag-kultura\">\n\n<div class=\"wp-block-group is-layout-flow wp-block-group-is-layout-flow\" style=\"padding-top:30px;padding-right:30px;padding-bottom:30px;padding-left:30px\"><h2 class=\"wp-block-post-title\"><a href=\"https:\/\/www.part-oldalak.hu\/wordpress\/2026\/01\/25\/hova-menjek-kulturalis-programok-februarban\/\" target=\"_self\" >Hova menjek? &#8211; Kultur\u00e1lis programok febru\u00e1rban<\/a><\/h2>\n\n<div class=\"wp-block-post-excerpt\"><p class=\"wp-block-post-excerpt__excerpt\">Koncert, sz\u00ednh\u00e1z, tudom\u00e1nyos el\u0151ad\u00e1s &#8211; a Dunaf\u00f6ldv\u00e1ron febru\u00e1rban el\u00e9rhet\u0151 programokat mutatjuk meg, a Dunaf\u00f6ldv\u00e1ri M\u0171vel\u0151d\u00e9si K\u00f6zpont \u00e9s K\u00f6nyvt\u00e1r aj\u00e1nl\u00e1s\u00e1val.<\/p><p class=\"wp-block-post-excerpt__more-text\"><a class=\"wp-block-post-excerpt__more-link\" href=\"https:\/\/www.part-oldalak.hu\/wordpress\/2026\/01\/25\/hova-menjek-kulturalis-programok-februarban\/\">Olvass tov\u00e1bb<\/a><\/p><\/div>\n\n<div class=\"wp-block-post-date\"><time datetime=\"2026-01-25T20:06:29+01:00\">2026.01.25.<\/time><\/div><\/div>\n\n<\/li><li class=\"wp-block-post post-12760 post type-post status-publish format-standard has-post-thumbnail hentry category-kultura tag-kultura\">\n\n<div class=\"wp-block-group is-layout-flow wp-block-group-is-layout-flow\" style=\"padding-top:30px;padding-right:30px;padding-bottom:30px;padding-left:30px\"><h2 class=\"wp-block-post-title\"><a href=\"https:\/\/www.part-oldalak.hu\/wordpress\/2025\/12\/28\/dunafoldvar-kulturalis-elet-januarban\/\" target=\"_self\" >Dunaf\u00f6ldv\u00e1r \u2013 kultur\u00e1lis \u00e9let janu\u00e1rban<\/a><\/h2>\n\n<div class=\"wp-block-post-excerpt\"><p class=\"wp-block-post-excerpt__excerpt\">A kult\u00fara hav\u00e1ban is pezsg\u0151 programk\u00edn\u00e1lat v\u00e1rja az \u00e9rdekl\u0151d\u0151ket Dunaf\u00f6ldv\u00e1ron, ahol minden koroszt\u00e1ly tal\u00e1l kedv\u00e9re val\u00f3t a k\u00f6nyvt\u00e1rban \u00e9s a m\u0171vel\u0151d\u00e9si h\u00e1zban.<\/p><p class=\"wp-block-post-excerpt__more-text\"><a class=\"wp-block-post-excerpt__more-link\" href=\"https:\/\/www.part-oldalak.hu\/wordpress\/2025\/12\/28\/dunafoldvar-kulturalis-elet-januarban\/\">Olvass tov\u00e1bb<\/a><\/p><\/div>\n\n<div class=\"wp-block-post-date\"><time datetime=\"2025-12-28T22:32:13+01:00\">2025.12.28.<\/time><\/div><\/div>\n\n<\/li><li class=\"wp-block-post post-12342 post type-post status-publish format-standard has-post-thumbnail hentry category-kultura tag-kultura\">\n\n<div class=\"wp-block-group is-layout-flow wp-block-group-is-layout-flow\" style=\"padding-top:30px;padding-right:30px;padding-bottom:30px;padding-left:30px\"><h2 class=\"wp-block-post-title\"><a href=\"https:\/\/www.part-oldalak.hu\/wordpress\/2025\/06\/10\/egyelore-nevtelen-iroi-tarsulat\/\" target=\"_self\" >Egyel\u0151re n\u00e9vtelen \u00edr\u00f3i t\u00e1rsulat<\/a><\/h2>\n\n<div class=\"wp-block-post-excerpt\"><p class=\"wp-block-post-excerpt__excerpt\">Van egy t\u00f6rt\u00e9netem\u2026 de szeretn\u00e9m, ha veletek egy\u00fctt \u00edr\u00f3dna tov\u00e1bb.<\/p><p class=\"wp-block-post-excerpt__more-text\"><a class=\"wp-block-post-excerpt__more-link\" href=\"https:\/\/www.part-oldalak.hu\/wordpress\/2025\/06\/10\/egyelore-nevtelen-iroi-tarsulat\/\">Olvass tov\u00e1bb<\/a><\/p><\/div>\n\n<div class=\"wp-block-post-date\"><time datetime=\"2025-06-10T22:24:49+01:00\">2025.06.10.<\/time><\/div><\/div>\n\n<\/li><li class=\"wp-block-post post-12230 post type-post status-publish format-standard has-post-thumbnail hentry category-kultura tag-kultura\">\n\n<div class=\"wp-block-group is-layout-flow wp-block-group-is-layout-flow\" style=\"padding-top:30px;padding-right:30px;padding-bottom:30px;padding-left:30px\"><h2 class=\"wp-block-post-title\"><a href=\"https:\/\/www.part-oldalak.hu\/wordpress\/2025\/04\/29\/majus-5-tanc-vilagnapja-sip-es-lant\/\" target=\"_self\" >M\u00e1jus 5. T\u00e1nc vil\u00e1gnapja: S\u00edp \u00e9s lant<\/a><\/h2>\n\n<div class=\"wp-block-post-excerpt\"><p class=\"wp-block-post-excerpt__excerpt\">T\u00e1nc, zene, t\u00f6rt\u00e9netek \u2013 a mediterr\u00e1n \u00e9let\u00e9rz\u00e9s tal\u00e1lkozik a magyar mesemond\u00e1s var\u00e1zs\u00e1val! \u00c9s egy dunaf\u00f6ldv\u00e1ri r\u00e9sztvev\u0151vel: Appelshoffer J\u00e1nosssal.<\/p><p class=\"wp-block-post-excerpt__more-text\"><a class=\"wp-block-post-excerpt__more-link\" href=\"https:\/\/www.part-oldalak.hu\/wordpress\/2025\/04\/29\/majus-5-tanc-vilagnapja-sip-es-lant\/\">Olvass tov\u00e1bb<\/a><\/p><\/div>\n\n<div class=\"wp-block-post-date\"><time datetime=\"2025-04-29T21:18:17+01:00\">2025.04.29.<\/time><\/div><\/div>\n\n<\/li><li class=\"wp-block-post post-12216 post type-post status-publish format-standard has-post-thumbnail hentry category-kultura tag-kultura\">\n\n<div class=\"wp-block-group is-layout-flow wp-block-group-is-layout-flow\" style=\"padding-top:30px;padding-right:30px;padding-bottom:30px;padding-left:30px\"><h2 class=\"wp-block-post-title\"><a href=\"https:\/\/www.part-oldalak.hu\/wordpress\/2025\/04\/26\/iden-is-volt-husvetra-hangolo-a-muvelodesi-hazban\/\" target=\"_self\" >Id\u00e9n is volt h\u00fasv\u00e9tra hangol\u00f3 a m\u0171vel\u0151d\u00e9si h\u00e1zban<\/a><\/h2>\n\n<div class=\"wp-block-post-excerpt\"><p class=\"wp-block-post-excerpt__excerpt\">K\u00e9zm\u0171ves foglalkoz\u00e1sok \u00e9s sz\u00ednpadi produkci\u00f3k v\u00e1rt\u00e1k h\u00fasv\u00e9tkor a gyerekeket.<\/p><p class=\"wp-block-post-excerpt__more-text\"><a class=\"wp-block-post-excerpt__more-link\" href=\"https:\/\/www.part-oldalak.hu\/wordpress\/2025\/04\/26\/iden-is-volt-husvetra-hangolo-a-muvelodesi-hazban\/\">Olvass tov\u00e1bb<\/a><\/p><\/div>\n\n<div class=\"wp-block-post-date\"><time datetime=\"2025-04-26T14:20:06+01:00\">2025.04.26.<\/time><\/div><\/div>\n\n<\/li><\/ul><\/div>\n<\/div>\n<\/div>\n\n\n\n<p><\/p>\n","protected":false},"excerpt":{"rendered":"","protected":false},"author":2,"featured_media":0,"parent":0,"menu_order":0,"comment_status":"closed","ping_status":"open","template":"","meta":{"_monsterinsights_skip_tracking":false,"_monsterinsights_sitenote_active":false,"_monsterinsights_sitenote_note":"","_monsterinsights_sitenote_category":0,"footnotes":""},"class_list":["post-2","page","type-page","status-publish","hentry"],"aioseo_notices":[],"yoast_head":"<!-- This site is optimized with the Yoast SEO plugin v25.6 - https:\/\/yoast.com\/wordpress\/plugins\/seo\/ -->\n<title>Kult\u00fara - Part-Oldalak Kultur\u00e1lis Egylet<\/title>\n<meta name=\"robots\" content=\"index, follow, max-snippet:-1, max-image-preview:large, max-video-preview:-1\" \/>\n<link rel=\"canonical\" href=\"https:\/\/www.part-oldalak.hu\/wordpress\/ez-egy-minta-oldal\/\" \/>\n<meta property=\"og:locale\" content=\"hu_HU\" \/>\n<meta property=\"og:type\" content=\"article\" \/>\n<meta property=\"og:title\" content=\"Kult\u00fara - Part-Oldalak Kultur\u00e1lis Egylet\" \/>\n<meta property=\"og:url\" content=\"https:\/\/www.part-oldalak.hu\/wordpress\/ez-egy-minta-oldal\/\" \/>\n<meta property=\"og:site_name\" content=\"Part-Oldalak Kultur\u00e1lis Egylet\" \/>\n<meta property=\"article:modified_time\" content=\"2022-01-19T12:22:34+00:00\" \/>\n<meta name=\"twitter:card\" content=\"summary_large_image\" \/>\n<script type=\"application\/ld+json\" class=\"yoast-schema-graph\">{\"@context\":\"https:\/\/schema.org\",\"@graph\":[{\"@type\":\"WebPage\",\"@id\":\"https:\/\/www.part-oldalak.hu\/wordpress\/ez-egy-minta-oldal\/\",\"url\":\"https:\/\/www.part-oldalak.hu\/wordpress\/ez-egy-minta-oldal\/\",\"name\":\"Kult\u00fara - Part-Oldalak Kultur\u00e1lis Egylet\",\"isPartOf\":{\"@id\":\"https:\/\/www.part-oldalak.hu\/wordpress\/#website\"},\"datePublished\":\"2021-11-24T12:26:46+00:00\",\"dateModified\":\"2022-01-19T12:22:34+00:00\",\"breadcrumb\":{\"@id\":\"https:\/\/www.part-oldalak.hu\/wordpress\/ez-egy-minta-oldal\/#breadcrumb\"},\"inLanguage\":\"hu\",\"potentialAction\":[{\"@type\":\"ReadAction\",\"target\":[\"https:\/\/www.part-oldalak.hu\/wordpress\/ez-egy-minta-oldal\/\"]}]},{\"@type\":\"BreadcrumbList\",\"@id\":\"https:\/\/www.part-oldalak.hu\/wordpress\/ez-egy-minta-oldal\/#breadcrumb\",\"itemListElement\":[{\"@type\":\"ListItem\",\"position\":1,\"name\":\"Kezd\u0151lap\",\"item\":\"https:\/\/www.part-oldalak.hu\/wordpress\/\"},{\"@type\":\"ListItem\",\"position\":2,\"name\":\"Kult\u00fara\"}]},{\"@type\":\"WebSite\",\"@id\":\"https:\/\/www.part-oldalak.hu\/wordpress\/#website\",\"url\":\"https:\/\/www.part-oldalak.hu\/wordpress\/\",\"name\":\"Part-Oldalak Kultur\u00e1lis Egylet\",\"description\":\"\",\"potentialAction\":[{\"@type\":\"SearchAction\",\"target\":{\"@type\":\"EntryPoint\",\"urlTemplate\":\"https:\/\/www.part-oldalak.hu\/wordpress\/?s={search_term_string}\"},\"query-input\":{\"@type\":\"PropertyValueSpecification\",\"valueRequired\":true,\"valueName\":\"search_term_string\"}}],\"inLanguage\":\"hu\"}]}<\/script>\n<!-- \/ Yoast SEO plugin. -->","yoast_head_json":{"title":"Kult\u00fara - Part-Oldalak Kultur\u00e1lis Egylet","robots":{"index":"index","follow":"follow","max-snippet":"max-snippet:-1","max-image-preview":"max-image-preview:large","max-video-preview":"max-video-preview:-1"},"canonical":"https:\/\/www.part-oldalak.hu\/wordpress\/ez-egy-minta-oldal\/","og_locale":"hu_HU","og_type":"article","og_title":"Kult\u00fara - Part-Oldalak Kultur\u00e1lis Egylet","og_url":"https:\/\/www.part-oldalak.hu\/wordpress\/ez-egy-minta-oldal\/","og_site_name":"Part-Oldalak Kultur\u00e1lis Egylet","article_modified_time":"2022-01-19T12:22:34+00:00","twitter_card":"summary_large_image","schema":{"@context":"https:\/\/schema.org","@graph":[{"@type":"WebPage","@id":"https:\/\/www.part-oldalak.hu\/wordpress\/ez-egy-minta-oldal\/","url":"https:\/\/www.part-oldalak.hu\/wordpress\/ez-egy-minta-oldal\/","name":"Kult\u00fara - Part-Oldalak Kultur\u00e1lis Egylet","isPartOf":{"@id":"https:\/\/www.part-oldalak.hu\/wordpress\/#website"},"datePublished":"2021-11-24T12:26:46+00:00","dateModified":"2022-01-19T12:22:34+00:00","breadcrumb":{"@id":"https:\/\/www.part-oldalak.hu\/wordpress\/ez-egy-minta-oldal\/#breadcrumb"},"inLanguage":"hu","potentialAction":[{"@type":"ReadAction","target":["https:\/\/www.part-oldalak.hu\/wordpress\/ez-egy-minta-oldal\/"]}]},{"@type":"BreadcrumbList","@id":"https:\/\/www.part-oldalak.hu\/wordpress\/ez-egy-minta-oldal\/#breadcrumb","itemListElement":[{"@type":"ListItem","position":1,"name":"Kezd\u0151lap","item":"https:\/\/www.part-oldalak.hu\/wordpress\/"},{"@type":"ListItem","position":2,"name":"Kult\u00fara"}]},{"@type":"WebSite","@id":"https:\/\/www.part-oldalak.hu\/wordpress\/#website","url":"https:\/\/www.part-oldalak.hu\/wordpress\/","name":"Part-Oldalak Kultur\u00e1lis Egylet","description":"","potentialAction":[{"@type":"SearchAction","target":{"@type":"EntryPoint","urlTemplate":"https:\/\/www.part-oldalak.hu\/wordpress\/?s={search_term_string}"},"query-input":{"@type":"PropertyValueSpecification","valueRequired":true,"valueName":"search_term_string"}}],"inLanguage":"hu"}]}},"_links":{"self":[{"href":"https:\/\/www.part-oldalak.hu\/wordpress\/wp-json\/wp\/v2\/pages\/2"}],"collection":[{"href":"https:\/\/www.part-oldalak.hu\/wordpress\/wp-json\/wp\/v2\/pages"}],"about":[{"href":"https:\/\/www.part-oldalak.hu\/wordpress\/wp-json\/wp\/v2\/types\/page"}],"author":[{"embeddable":true,"href":"https:\/\/www.part-oldalak.hu\/wordpress\/wp-json\/wp\/v2\/users\/2"}],"replies":[{"embeddable":true,"href":"https:\/\/www.part-oldalak.hu\/wordpress\/wp-json\/wp\/v2\/comments?post=2"}],"version-history":[{"count":4,"href":"https:\/\/www.part-oldalak.hu\/wordpress\/wp-json\/wp\/v2\/pages\/2\/revisions"}],"predecessor-version":[{"id":375,"href":"https:\/\/www.part-oldalak.hu\/wordpress\/wp-json\/wp\/v2\/pages\/2\/revisions\/375"}],"wp:attachment":[{"href":"https:\/\/www.part-oldalak.hu\/wordpress\/wp-json\/wp\/v2\/media?parent=2"}],"curies":[{"name":"wp","href":"https:\/\/api.w.org\/{rel}","templated":true}]}}